{"id":6173,"date":"2022-04-08T11:20:49","date_gmt":"2022-04-08T09:20:49","guid":{"rendered":"http:\/\/domovraspenava.cz\/?page_id=6173"},"modified":"2025-06-19T06:15:07","modified_gmt":"2025-06-19T04:15:07","slug":"ekonomicke-dokumenty","status":"publish","type":"page","link":"https:\/\/domovraspenava.cz\/?page_id=6173","title":{"rendered":"Ekonomick\u00e9 dokumenty"},"content":{"rendered":"\n<p><\/p>\n\n\n\n<ul class=\"wp-block-list has-medium-font-size\">\n<li><strong>V\u00fdro\u010dn\u00ed zpr\u00e1va organizace:<\/strong><\/li>\n<\/ul>\n\n\n\n<h2 class=\"wp-block-heading\"><a href=\"http:\/\/domovraspenava.cz\/wp-content\/uploads\/2025\/06\/Vyrocni-zprava-za-rok-2024.pdf\" target=\"_blank\" rel=\"noreferrer noopener\"><strong>2024<\/strong><\/a><\/h2>\n\n\n\n<h2 class=\"wp-block-heading\"><a href=\"http:\/\/domovraspenava.cz\/wp-content\/uploads\/2024\/07\/1519_Domov_Raspenava_Zprava_o_cinnosti_2023.doc\" target=\"_blank\" rel=\"noreferrer noopener\"><strong>2023<\/strong><\/a><\/h2>\n\n\n\n<h2 class=\"wp-block-heading\"><a href=\"http:\/\/domovraspenava.cz\/wp-content\/uploads\/2023\/06\/1519_Domov_Raspenava_Zprava_o_cinnosti_2022.doc\" target=\"_blank\" rel=\"noreferrer noopener\"><strong>2022<\/strong><\/a><\/h2>\n\n\n\n<p><\/p>\n\n\n\n<ul class=\"wp-block-list has-medium-font-size\">\n<li><strong>Poskytov\u00e1n\u00ed informac\u00ed podle z\u00e1kona \u010d.106\/1999 Sb.,&nbsp;o svobodn\u00e9m p\u0159\u00edstupu k informac\u00edm:<\/strong><\/li>\n<\/ul>\n\n\n\n<h2 class=\"wp-block-heading\"><a href=\"http:\/\/domovraspenava.cz\/wp-content\/uploads\/2025\/06\/Zprava-Informace_106_2024.doc\" target=\"_blank\" rel=\"noreferrer noopener\"><strong>2024<\/strong><\/a><\/h2>\n\n\n\n<h2 class=\"wp-block-heading\"><a href=\"http:\/\/domovraspenava.cz\/wp-content\/uploads\/2024\/02\/Zprava-Informace_106_2023.doc\" target=\"_blank\" rel=\"noreferrer noopener\"><strong>2023<\/strong><\/a><\/h2>\n\n\n\n<h2 class=\"wp-block-heading\"><a href=\"http:\/\/domovraspenava.cz\/wp-content\/uploads\/2023\/02\/Zprava-Informace_106_2022.doc\" target=\"_blank\" rel=\"noreferrer noopener\"><strong>2022<\/strong><\/a><\/h2>\n\n\n\n<ul class=\"wp-block-list has-medium-font-size\">\n<li><strong>\u00da\u010detn\u00ed z\u00e1v\u011brka (rozvaha, v\u00fdkaz zisku a ztr\u00e1ty, p\u0159\u00edloha):<\/strong><\/li>\n<\/ul>\n\n\n\n<h2 class=\"wp-block-heading\"><a href=\"http:\/\/domovraspenava.cz\/wp-content\/uploads\/2025\/06\/Ucetni-zaverka-2024-protokol-o-schvaleni.pdf\" target=\"_blank\" rel=\"noreferrer noopener\"><strong>2024<\/strong><\/a><\/h2>\n\n\n\n<h2 class=\"wp-block-heading\"><a href=\"http:\/\/domovraspenava.cz\/wp-content\/uploads\/2024\/07\/Ucetni-zaverka-za-rok-2023.pdf\" target=\"_blank\" rel=\"noreferrer noopener\"><strong>2023<\/strong><\/a><\/h2>\n\n\n\n<h2 class=\"wp-block-heading\"><a href=\"http:\/\/domovraspenava.cz\/wp-content\/uploads\/2023\/06\/Vykazy-2022-OR.pdf\" target=\"_blank\" rel=\"noreferrer noopener\"><strong>2022<\/strong><\/a><\/h2>\n\n\n\n<ul class=\"wp-block-list has-medium-font-size\">\n<li><strong>Protokol o schv\u00e1len\u00ed \u00fa\u010detn\u00ed z\u00e1v\u011brky:<\/strong><\/li>\n<\/ul>\n\n\n\n<h2 class=\"wp-block-heading\"><a href=\"http:\/\/domovraspenava.cz\/wp-content\/uploads\/2025\/06\/1519_Protokol_o_schvaleni_UZ_2024.pdf\" target=\"_blank\" rel=\"noreferrer noopener\"><strong>2024<\/strong><\/a><\/h2>\n\n\n\n<h2 class=\"wp-block-heading\"><a href=\"http:\/\/domovraspenava.cz\/wp-content\/uploads\/2024\/07\/Protokol-UZ-2023.pdf\" target=\"_blank\" rel=\"noreferrer noopener\"><strong>2023<\/strong><\/a><\/h2>\n\n\n\n<h2 class=\"wp-block-heading\"><a href=\"http:\/\/domovraspenava.cz\/wp-content\/uploads\/2024\/07\/Protokol-UZ-2022.pdf\" target=\"_blank\" rel=\"noreferrer noopener\"><strong>2022<\/strong><\/a><\/h2>\n\n\n\n<p><\/p>\n\n\n\n<h2 class=\"wp-block-heading has-medium-font-size\"><a href=\"http:\/\/domovraspenava.cz\/wp-content\/uploads\/2025\/04\/1519_Rozpocet_2025_SR.xlsx\" data-type=\"link\" data-id=\"http:\/\/domovraspenava.cz\/wp-content\/uploads\/2025\/03\/1519_Rozpocet_2025_UR1.xlsx\" target=\"_blank\" rel=\"noreferrer noopener\"><strong><em>N\u00e1vrh rozpo\u010dtu 2025 <\/em><\/strong><\/a><\/h2>\n\n\n\n<h2 class=\"wp-block-heading has-medium-font-size\"><a href=\"http:\/\/domovraspenava.cz\/wp-content\/uploads\/2025\/05\/1519_Rozpocet_2025_SR.xlsx\" target=\"_blank\" rel=\"noreferrer noopener\"><strong><em>Rozpo\u010det 2025<\/em><\/strong><\/a><\/h2>\n\n\n\n<p><\/p>\n","protected":false},"excerpt":{"rendered":"<p>2024 2023 2022 2024 2023 2022 2024 2023 2022 2024 2023 2022 N\u00e1vrh rozpo\u010dtu 2025 Rozpo\u010det 2025<\/p>\n <a class=\"more-link\" href=\"https:\/\/domovraspenava.cz\/?page_id=6173\"><span class=\"more-msg\">Pokra\u010dovat ve \u010dten\u00ed &rarr;<\/span><\/a>","protected":false},"author":2,"featured_media":0,"parent":6166,"menu_order":0,"comment_status":"closed","ping_status":"closed","template":"","meta":{"_acf_changed":false,"advgb_blocks_editor_width":"","advgb_blocks_columns_visual_guide":"","ngg_post_thumbnail":0,"_vp_format_video_url":"","_vp_image_focal_point":[],"footnotes":""},"class_list":["post-6173","page","type-page","status-publish","hentry"],"acf":[],"coauthors":[],"author_meta":{"author_link":"https:\/\/domovraspenava.cz\/?author=2","display_name":"Kate\u0159ina Zaj\u00ed\u010dkov\u00e1"},"relative_dates":{"created":"Posted 4 roky ago","modified":"Updated 10 m\u011bs\u00edc\u016f ago"},"absolute_dates":{"created":"Posted on 8.4.2022","modified":"Updated on 19.6.2025"},"absolute_dates_time":{"created":"Posted on 8.4.2022 11:20","modified":"Updated on 19.6.2025 6:15"},"featured_img_caption":"","featured_img":false,"series_order":"","wpmagazine_modules_lite_featured_media_urls":{"thumbnail":"","cvmm-medium":"","cvmm-medium-plus":"","cvmm-portrait":"","cvmm-medium-square":"","cvmm-large":"","cvmm-small":"","full":""},"categories_names":null,"comments_number":"0","_links":{"self":[{"href":"https:\/\/domovraspenava.cz\/index.php?rest_route=\/wp\/v2\/pages\/6173","targetHints":{"allow":["GET"]}}],"collection":[{"href":"https:\/\/domovraspenava.cz\/index.php?rest_route=\/wp\/v2\/pages"}],"about":[{"href":"https:\/\/domovraspenava.cz\/index.php?rest_route=\/wp\/v2\/types\/page"}],"author":[{"embeddable":true,"href":"https:\/\/domovraspenava.cz\/index.php?rest_route=\/wp\/v2\/users\/2"}],"replies":[{"embeddable":true,"href":"https:\/\/domovraspenava.cz\/index.php?rest_route=%2Fwp%2Fv2%2Fcomments&post=6173"}],"version-history":[{"count":38,"href":"https:\/\/domovraspenava.cz\/index.php?rest_route=\/wp\/v2\/pages\/6173\/revisions"}],"predecessor-version":[{"id":8131,"href":"https:\/\/domovraspenava.cz\/index.php?rest_route=\/wp\/v2\/pages\/6173\/revisions\/8131"}],"up":[{"embeddable":true,"href":"https:\/\/domovraspenava.cz\/index.php?rest_route=\/wp\/v2\/pages\/6166"}],"wp:attachment":[{"href":"https:\/\/domovraspenava.cz\/index.php?rest_route=%2Fwp%2Fv2%2Fmedia&parent=6173"}],"curies":[{"name":"wp","href":"https:\/\/api.w.org\/{rel}","templated":true}]}}