{"id":4868,"date":"2019-10-07T13:08:45","date_gmt":"2019-10-07T11:08:45","guid":{"rendered":"http:\/\/domovraspenava.cz\/?page_id=4868"},"modified":"2025-02-26T12:56:03","modified_gmt":"2025-02-26T11:56:03","slug":"virtual","status":"publish","type":"page","link":"https:\/\/domovraspenava.cz\/?page_id=4868","title":{"rendered":"Virtu\u00e1ln\u00ed prohl\u00eddka &#8211; 360"},"content":{"rendered":"\n<div class=\"wp-block-columns has-2-columns is-layout-flex wp-container-core-columns-is-layout-1 wp-block-columns-is-layout-flex\">\n<div class=\"wp-block-column is-layout-flow wp-block-column-is-layout-flow\">\n<p class=\"has-medium-font-size\"><strong><em> <\/em>Domov pro osoby se zdravotn\u00edm posti\u017een\u00edm<\/strong>,<\/p>\n<\/div>\n\n\n\n<div class=\"wp-block-column is-layout-flow wp-block-column-is-layout-flow\">\n<p class=\"has-medium-font-size\"><strong>Soci\u00e1ln\u011b terapeutick\u00e1 d\u00edlna a Kav\u00e1rna Domov, <\/strong>                                                  <\/p>\n<\/div>\n<\/div>\n\n\n\n<div class=\"wp-block-columns is-layout-flex wp-container-core-columns-is-layout-2 wp-block-columns-is-layout-flex\">\n<div class=\"wp-block-column is-layout-flow wp-block-column-is-layout-flow\">\n<div class=\"wp-block-group\"><div class=\"wp-block-group__inner-container is-layout-flow wp-block-group-is-layout-flow\">\n<figure class=\"wp-block-image size-large is-resized\"><a href=\"https:\/\/www.google.com\/maps\/@50.8993924,15.1347511,3a,75y,262.83h,93.33t\/data=!3m7!1e1!3m5!1sAF1QipMBoB5829zLXOYgshWE5nb56gbLEk1P4i6nxmjt!2e10!6shttps:%2F%2Flh3.googleusercontent.com%2Fp%2FAF1QipMBoB5829zLXOYgshWE5nb56gbLEk1P4i6nxmjt%3Dw900-h600-k-no-pi-3.325113292388579-ya215.37219079796427-ro0-fo100!7i10000!8i5000?entry=ttu&amp;g_ep=EgoyMDI1MDIyMy4xIKXMDSoJLDEwMjExNDUzSAFQAw%3D%3D\" target=\"_blank\" rel=\"noreferrer noopener\"><img fetchpriority=\"high\" decoding=\"async\" width=\"1020\" height=\"632\" src=\"http:\/\/domovraspenava.cz\/wp-content\/uploads\/2023\/12\/trida-1020x632.jpg\" alt=\"\" class=\"wp-image-7530\" style=\"aspect-ratio:1.7777777777777777;object-fit:cover;width:267px;height:auto\" srcset=\"https:\/\/domovraspenava.cz\/wp-content\/uploads\/2023\/12\/trida-1020x632.jpg 1020w, https:\/\/domovraspenava.cz\/wp-content\/uploads\/2023\/12\/trida-632x391.jpg 632w, https:\/\/domovraspenava.cz\/wp-content\/uploads\/2023\/12\/trida-768x475.jpg 768w, https:\/\/domovraspenava.cz\/wp-content\/uploads\/2023\/12\/trida-500x310.jpg 500w, https:\/\/domovraspenava.cz\/wp-content\/uploads\/2023\/12\/trida-800x495.jpg 800w, https:\/\/domovraspenava.cz\/wp-content\/uploads\/2023\/12\/trida-1280x792.jpg 1280w, https:\/\/domovraspenava.cz\/wp-content\/uploads\/2023\/12\/trida.jpg 1297w\" sizes=\"(max-width: 1020px) 100vw, 1020px\" \/><\/a><figcaption class=\"wp-element-caption\">speci\u00e1ln\u00ed pedagog<\/figcaption><\/figure>\n<\/div><\/div>\n\n\n\n<div class=\"wp-block-group\"><div class=\"wp-block-group__inner-container is-layout-flow wp-block-group-is-layout-flow\">\n<figure class=\"wp-block-image size-large is-resized\"><a href=\"https:\/\/www.google.com\/maps\/@50.8994014,15.1347505,3a,90y,279.81h,84.66t\/data=!3m8!1e1!3m6!1sAF1QipPnSw4klx-1FwriH_A3pSg47vnwQpws1jT8YvAe!2e10!3e12!6shttps:%2F%2Flh3.googleusercontent.com%2Fp%2FAF1QipPnSw4klx-1FwriH_A3pSg47vnwQpws1jT8YvAe%3Dw900-h600-k-no-pi5.337861732121667-ya46.35123244414115-ro0-fo100!7i10000!8i5000?entry=ttu&amp;g_ep=EgoyMDI1MDIyMy4xIKXMDSoJLDEwMjExNDUzSAFQAw%3D%3D\" target=\"_blank\" rel=\"noreferrer noopener\"><img decoding=\"async\" width=\"1020\" height=\"666\" src=\"http:\/\/domovraspenava.cz\/wp-content\/uploads\/2023\/12\/snoe-1020x666.jpg\" alt=\"\" class=\"wp-image-7529\" style=\"aspect-ratio:16\/9;object-fit:cover;width:267px\" srcset=\"https:\/\/domovraspenava.cz\/wp-content\/uploads\/2023\/12\/snoe-1020x666.jpg 1020w, https:\/\/domovraspenava.cz\/wp-content\/uploads\/2023\/12\/snoe-632x413.jpg 632w, https:\/\/domovraspenava.cz\/wp-content\/uploads\/2023\/12\/snoe-768x501.jpg 768w, https:\/\/domovraspenava.cz\/wp-content\/uploads\/2023\/12\/snoe-500x326.jpg 500w, https:\/\/domovraspenava.cz\/wp-content\/uploads\/2023\/12\/snoe-800x522.jpg 800w, https:\/\/domovraspenava.cz\/wp-content\/uploads\/2023\/12\/snoe.jpg 1227w\" sizes=\"(max-width: 1020px) 100vw, 1020px\" \/><\/a><figcaption class=\"wp-element-caption\">snoezelen &#8211; aktivizace<\/figcaption><\/figure>\n<\/div><\/div>\n\n\n\n<figure class=\"wp-block-image size-large is-resized\"><a href=\"https:\/\/www.google.com\/maps\/@50.9007575,15.1330368,3a,75y,290.35h,71.23t\/data=!3m8!1e1!3m6!1sAF1QipPlK5fyAIqfEmb9fg5E5VKLZrV7-OPr8psAjDEM!2e10!3e11!6shttps:%2F%2Flh5.googleusercontent.com%2Fp%2FAF1QipPlK5fyAIqfEmb9fg5E5VKLZrV7-OPr8psAjDEM%3Dw203-h100-k-no-pi-0-ya32.590004-ro-0-fo100!7i10000!8i5000\" target=\"_blank\" rel=\"noreferrer noopener\"><img decoding=\"async\" width=\"240\" height=\"160\" src=\"http:\/\/domovraspenava.cz\/wp-content\/uploads\/2019\/12\/foto-byt.jpg\" alt=\"\" class=\"wp-image-5123\" style=\"aspect-ratio:16\/9;object-fit:cover;width:267px;height:auto\"\/><\/a><figcaption class=\"wp-element-caption\">cvi\u010dn\u00fd byt A<\/figcaption><\/figure>\n\n\n\n<figure class=\"wp-block-image size-large is-resized\"><a href=\"https:\/\/www.google.com\/maps\/place\/Domov+Raspenava,+p%C5%99%C3%ADsp%C4%9Bvkov%C3%A1+organizace\/@50.9005353,15.1336487,3a,75y,244.92h,80.46t\/data=!3m7!1e1!3m5!1sAF1QipNuV7a_cZ0QqyDaCSKwoA080kM8Z7K8ZvqgPBbU!2e10!6shttps:%2F%2Flh3.googleusercontent.com%2Fp%2FAF1QipNuV7a_cZ0QqyDaCSKwoA080kM8Z7K8ZvqgPBbU%3Dw900-h600-k-no-pi9.53985496831686-ya316.924226349489-ro0-fo100!7i10000!8i5000!4m7!3m6!1s0x47092e78f7ba282d:0x8d3e2bf22990d50!8m2!3d50.9007379!4d15.1331376!10e5!16s%2Fg%2F11bc7rtrf_?entry=ttu&amp;g_ep=EgoyMDI1MDIyMy4xIKXMDSoJLDEwMjExNDUzSAFQAw%3D%3D\" target=\"_blank\" rel=\"noreferrer noopener\"><img loading=\"lazy\" decoding=\"async\" width=\"1020\" height=\"574\" src=\"http:\/\/domovraspenava.cz\/wp-content\/uploads\/2023\/12\/1663262310713-1020x574.jpeg\" alt=\"\" class=\"wp-image-7524\" style=\"aspect-ratio:16\/9;object-fit:cover;width:267px;height:auto\" srcset=\"https:\/\/domovraspenava.cz\/wp-content\/uploads\/2023\/12\/1663262310713-1020x574.jpeg 1020w, https:\/\/domovraspenava.cz\/wp-content\/uploads\/2023\/12\/1663262310713-632x356.jpeg 632w, https:\/\/domovraspenava.cz\/wp-content\/uploads\/2023\/12\/1663262310713-768x432.jpeg 768w, https:\/\/domovraspenava.cz\/wp-content\/uploads\/2023\/12\/1663262310713-1536x864.jpeg 1536w, https:\/\/domovraspenava.cz\/wp-content\/uploads\/2023\/12\/1663262310713-2048x1152.jpeg 2048w, https:\/\/domovraspenava.cz\/wp-content\/uploads\/2023\/12\/1663262310713-500x281.jpeg 500w, https:\/\/domovraspenava.cz\/wp-content\/uploads\/2023\/12\/1663262310713-800x450.jpeg 800w, https:\/\/domovraspenava.cz\/wp-content\/uploads\/2023\/12\/1663262310713-1280x720.jpeg 1280w, https:\/\/domovraspenava.cz\/wp-content\/uploads\/2023\/12\/1663262310713-1920x1080.jpeg 1920w\" sizes=\"(max-width: 1020px) 100vw, 1020px\" \/><\/a><figcaption class=\"wp-element-caption\">cvi\u010dn\u00fd byt B<\/figcaption><\/figure>\n\n\n\n<figure class=\"wp-block-image size-large is-resized\"><a href=\"https:\/\/www.google.com\/maps\/@50.8993446,15.1349664,3a,75y,187.2h,80.92t\/data=!3m7!1e1!3m5!1sAF1QipMKiT5kelsR2VZ9CcryIEY2npvbHI8FfUPRSBa8!2e10!6shttps:%2F%2Flh3.googleusercontent.com%2Fp%2FAF1QipMKiT5kelsR2VZ9CcryIEY2npvbHI8FfUPRSBa8%3Dw900-h600-k-no-pi9.082564311768294-ya52.73521146135522-ro0-fo100!7i10000!8i5000?entry=ttu&amp;g_ep=EgoyMDI1MDIyMy4xIKXMDSoJLDEwMjExNDUzSAFQAw%3D%3D\" target=\"_blank\" rel=\"noreferrer noopener\"><img loading=\"lazy\" decoding=\"async\" width=\"1020\" height=\"642\" src=\"http:\/\/domovraspenava.cz\/wp-content\/uploads\/2023\/12\/zelena-1020x642.jpg\" alt=\"\" class=\"wp-image-7527\" style=\"aspect-ratio:16\/9;object-fit:cover;width:267px\" srcset=\"https:\/\/domovraspenava.cz\/wp-content\/uploads\/2023\/12\/zelena-1020x642.jpg 1020w, https:\/\/domovraspenava.cz\/wp-content\/uploads\/2023\/12\/zelena-632x398.jpg 632w, https:\/\/domovraspenava.cz\/wp-content\/uploads\/2023\/12\/zelena-768x484.jpg 768w, https:\/\/domovraspenava.cz\/wp-content\/uploads\/2023\/12\/zelena-500x315.jpg 500w, https:\/\/domovraspenava.cz\/wp-content\/uploads\/2023\/12\/zelena-800x504.jpg 800w, https:\/\/domovraspenava.cz\/wp-content\/uploads\/2023\/12\/zelena.jpg 1275w\" sizes=\"(max-width: 1020px) 100vw, 1020px\" \/><\/a><figcaption class=\"wp-element-caption\">imobiln\u00ed klienti &#8211; zelen\u00e1<\/figcaption><\/figure>\n\n\n\n<figure class=\"wp-block-image size-large is-resized\"><a href=\"https:\/\/www.google.com\/maps\/@50.899413,15.1348482,3a,75y,351.83h,79.18t\/data=!3m7!1e1!3m5!1sAF1QipNI4keYjKlcMQdM8p0N4AG30Ld65Qk0sLhVL3SK!2e10!6shttps:%2F%2Flh3.googleusercontent.com%2Fp%2FAF1QipNI4keYjKlcMQdM8p0N4AG30Ld65Qk0sLhVL3SK%3Dw900-h600-k-no-pi10.820378459923901-ya25.371134704976384-ro0-fo100!7i10000!8i5000?entry=ttu&amp;g_ep=EgoyMDI1MDIyMy4xIKXMDSoJLDEwMjExNDUzSAFQAw%3D%3D\" target=\"_blank\" rel=\"noreferrer noopener\"><img loading=\"lazy\" decoding=\"async\" width=\"1020\" height=\"628\" src=\"http:\/\/domovraspenava.cz\/wp-content\/uploads\/2023\/12\/modra-1020x628.jpg\" alt=\"\" class=\"wp-image-7528\" style=\"aspect-ratio:1.7777777777777777;object-fit:cover;width:267px;height:auto\" srcset=\"https:\/\/domovraspenava.cz\/wp-content\/uploads\/2023\/12\/modra-1020x628.jpg 1020w, https:\/\/domovraspenava.cz\/wp-content\/uploads\/2023\/12\/modra-632x389.jpg 632w, https:\/\/domovraspenava.cz\/wp-content\/uploads\/2023\/12\/modra-768x473.jpg 768w, https:\/\/domovraspenava.cz\/wp-content\/uploads\/2023\/12\/modra-500x308.jpg 500w, https:\/\/domovraspenava.cz\/wp-content\/uploads\/2023\/12\/modra-800x493.jpg 800w, https:\/\/domovraspenava.cz\/wp-content\/uploads\/2023\/12\/modra-1280x789.jpg 1280w, https:\/\/domovraspenava.cz\/wp-content\/uploads\/2023\/12\/modra.jpg 1313w\" sizes=\"(max-width: 1020px) 100vw, 1020px\" \/><\/a><figcaption class=\"wp-element-caption\">imobiln\u00ed klienti &#8211; modr\u00e1<\/figcaption><\/figure>\n\n\n\n<figure class=\"wp-block-image size-large is-resized\"><a href=\"https:\/\/www.google.com\/maps\/@50.8993392,15.134816,3a,75y,184.5h,80.21t\/data=!3m7!1e1!3m5!1sAF1QipNWvNUXQEk8CocKSfjgXev9Ztn9CiyL50zc-IvH!2e10!6shttps:%2F%2Flh3.googleusercontent.com%2Fp%2FAF1QipNWvNUXQEk8CocKSfjgXev9Ztn9CiyL50zc-IvH%3Dw900-h600-k-no-pi9.787579643088037-ya41.04465227707581-ro0-fo100!7i10000!8i5000?entry=ttu&amp;g_ep=EgoyMDI1MDIyMy4xIKXMDSoJLDEwMjExNDUzSAFQAw%3D%3D\"><img loading=\"lazy\" decoding=\"async\" width=\"1020\" height=\"661\" src=\"http:\/\/domovraspenava.cz\/wp-content\/uploads\/2023\/12\/oranzova-1020x661.jpg\" alt=\"\" class=\"wp-image-7526\" style=\"aspect-ratio:16\/9;object-fit:cover;width:267px\" srcset=\"https:\/\/domovraspenava.cz\/wp-content\/uploads\/2023\/12\/oranzova-1020x661.jpg 1020w, https:\/\/domovraspenava.cz\/wp-content\/uploads\/2023\/12\/oranzova-632x410.jpg 632w, https:\/\/domovraspenava.cz\/wp-content\/uploads\/2023\/12\/oranzova-768x498.jpg 768w, https:\/\/domovraspenava.cz\/wp-content\/uploads\/2023\/12\/oranzova-500x324.jpg 500w, https:\/\/domovraspenava.cz\/wp-content\/uploads\/2023\/12\/oranzova-800x519.jpg 800w, https:\/\/domovraspenava.cz\/wp-content\/uploads\/2023\/12\/oranzova.jpg 1075w\" sizes=\"(max-width: 1020px) 100vw, 1020px\" \/><\/a><figcaption class=\"wp-element-caption\">odd\u011blen\u00ed PAS &#8211; oran\u017eov\u00e1<\/figcaption><\/figure>\n\n\n\n<figure class=\"wp-block-image size-large is-resized\"><a href=\"https:\/\/www.google.com\/maps\/@50.8993392,15.1346547,3a,75y,170.34h,84.15t\/data=!3m7!1e1!3m5!1sAF1QipP6EGPRldp5NFxTuE0WyIe3TJaWUEEY5fbBsoD-!2e10!6shttps:%2F%2Flh3.googleusercontent.com%2Fp%2FAF1QipP6EGPRldp5NFxTuE0WyIe3TJaWUEEY5fbBsoD-%3Dw900-h600-k-no-pi5.852314870814226-ya27.87590022149857-ro0-fo100!7i10000!8i5000?entry=ttu&amp;g_ep=EgoyMDI1MDIyMy4xIKXMDSoJLDEwMjExNDUzSAFQAw%3D%3D\" target=\"_blank\" rel=\"noreferrer noopener\"><img loading=\"lazy\" decoding=\"async\" width=\"1020\" height=\"598\" src=\"http:\/\/domovraspenava.cz\/wp-content\/uploads\/2023\/12\/zluta-1020x598.jpg\" alt=\"\" class=\"wp-image-7525\" style=\"aspect-ratio:16\/9;object-fit:cover;width:267px\" srcset=\"https:\/\/domovraspenava.cz\/wp-content\/uploads\/2023\/12\/zluta-1020x598.jpg 1020w, https:\/\/domovraspenava.cz\/wp-content\/uploads\/2023\/12\/zluta-632x370.jpg 632w, https:\/\/domovraspenava.cz\/wp-content\/uploads\/2023\/12\/zluta-480x280.jpg 480w, https:\/\/domovraspenava.cz\/wp-content\/uploads\/2023\/12\/zluta-768x450.jpg 768w, https:\/\/domovraspenava.cz\/wp-content\/uploads\/2023\/12\/zluta-500x293.jpg 500w, https:\/\/domovraspenava.cz\/wp-content\/uploads\/2023\/12\/zluta-800x469.jpg 800w, https:\/\/domovraspenava.cz\/wp-content\/uploads\/2023\/12\/zluta-1280x750.jpg 1280w, https:\/\/domovraspenava.cz\/wp-content\/uploads\/2023\/12\/zluta.jpg 1391w\" sizes=\"(max-width: 1020px) 100vw, 1020px\" \/><\/a><figcaption class=\"wp-element-caption\">odd\u011blen\u00ed PAS &#8211; \u017elut\u00e1<\/figcaption><\/figure>\n\n\n\n<figure class=\"wp-block-image size-large is-resized\"><a href=\"https:\/\/www.google.com\/maps\/@50.8994108,15.135019,3a,75y,283.7h,85.18t\/data=!3m7!1e1!3m5!1sAF1QipMZfy8tyBCT-tynegKbKkezKm6kihHDoATga7yI!2e10!6shttps:%2F%2Flh3.googleusercontent.com%2Fp%2FAF1QipMZfy8tyBCT-tynegKbKkezKm6kihHDoATga7yI%3Dw900-h600-k-no-pi4.819840463782711-ya342.14275359026016-ro0-fo100!7i10000!8i5000?entry=ttu&amp;g_ep=EgoyMDI1MDIyMy4xIKXMDSoJLDEwMjExNDUzSAFQAw%3D%3D\" target=\"_blank\" rel=\"noreferrer noopener\"><img loading=\"lazy\" decoding=\"async\" width=\"1020\" height=\"599\" src=\"http:\/\/domovraspenava.cz\/wp-content\/uploads\/2024\/01\/jidelna-1020x599.jpg\" alt=\"\" class=\"wp-image-7594\" style=\"aspect-ratio:16\/9;object-fit:cover;width:267px\" srcset=\"https:\/\/domovraspenava.cz\/wp-content\/uploads\/2024\/01\/jidelna-1020x599.jpg 1020w, https:\/\/domovraspenava.cz\/wp-content\/uploads\/2024\/01\/jidelna-632x371.jpg 632w, https:\/\/domovraspenava.cz\/wp-content\/uploads\/2024\/01\/jidelna-768x451.jpg 768w, https:\/\/domovraspenava.cz\/wp-content\/uploads\/2024\/01\/jidelna-500x294.jpg 500w, https:\/\/domovraspenava.cz\/wp-content\/uploads\/2024\/01\/jidelna-800x470.jpg 800w, https:\/\/domovraspenava.cz\/wp-content\/uploads\/2024\/01\/jidelna-1280x752.jpg 1280w, https:\/\/domovraspenava.cz\/wp-content\/uploads\/2024\/01\/jidelna.jpg 1342w\" sizes=\"(max-width: 1020px) 100vw, 1020px\" \/><\/a><figcaption class=\"wp-element-caption\">j\u00eddelna nov\u00e1 budova<\/figcaption><\/figure>\n\n\n\n<figure class=\"wp-block-image size-large is-resized\"><a href=\"https:\/\/www.google.com\/maps\/@50.8994016,15.1352966,3a,75y,261.9h,90.77t\/data=!3m7!1e1!3m5!1sAF1QipPUD5ezoR5CEn1waRfJ14LSJj7C-lScXDyoyATk!2e10!6shttps:%2F%2Flh3.googleusercontent.com%2Fp%2FAF1QipPUD5ezoR5CEn1waRfJ14LSJj7C-lScXDyoyATk%3Dw900-h600-k-no-pi-0.7691426648715805-ya1.5562587516602662-ro0-fo100!7i13192!8i6596?hl=cs-CZ&amp;entry=ttu&amp;g_ep=EgoyMDI1MDIyMy4xIKXMDSoJLDEwMjExNDUzSAFQAw%3D%3D\" target=\"_blank\" rel=\"noreferrer noopener\"><img loading=\"lazy\" decoding=\"async\" width=\"1020\" height=\"574\" src=\"https:\/\/domovraspenava.cz\/wp-content\/uploads\/2025\/02\/hlavni-budova-1020x574.png\" alt=\"\" class=\"wp-image-7955\" style=\"aspect-ratio:1.7777777777777777;object-fit:cover;width:267px;height:auto\" srcset=\"https:\/\/domovraspenava.cz\/wp-content\/uploads\/2025\/02\/hlavni-budova-1020x574.png 1020w, https:\/\/domovraspenava.cz\/wp-content\/uploads\/2025\/02\/hlavni-budova-632x355.png 632w, https:\/\/domovraspenava.cz\/wp-content\/uploads\/2025\/02\/hlavni-budova-768x432.png 768w, https:\/\/domovraspenava.cz\/wp-content\/uploads\/2025\/02\/hlavni-budova-500x281.png 500w, https:\/\/domovraspenava.cz\/wp-content\/uploads\/2025\/02\/hlavni-budova-800x450.png 800w, https:\/\/domovraspenava.cz\/wp-content\/uploads\/2025\/02\/hlavni-budova.png 1074w\" sizes=\"(max-width: 1020px) 100vw, 1020px\" \/><\/a><figcaption class=\"wp-element-caption\">hlavn\u00ed vchod nov\u00e1 budova<\/figcaption><\/figure>\n<\/div>\n\n\n\n<div class=\"wp-block-column is-layout-flow wp-block-column-is-layout-flow\">\n<div class=\"wp-block-group\"><div class=\"wp-block-group__inner-container is-layout-flow wp-block-group-is-layout-flow\">\n<figure class=\"wp-block-image size-large is-resized\"><a href=\"https:\/\/www.google.com\/maps\/@50.9005331,15.1362875,3a,75y,158.76h,66.63t\/data=!3m7!1e1!3m5!1sAF1QipOubT-9ySnodb7WQ8q4X6mg000Iv077JldccAy0!2e10!3e11!7i10000!8i5000\" target=\"_blank\" rel=\"noreferrer noopener\"><img loading=\"lazy\" decoding=\"async\" width=\"2560\" height=\"1920\" src=\"https:\/\/i0.wp.com\/www.domovraspenava.cz\/wp-content\/uploads\/2019\/12\/Foto-STD-scaled.jpg?fit=1020%2C765&amp;ssl=1\" alt=\"\" class=\"wp-image-5126\" style=\"aspect-ratio:16\/9;object-fit:cover;width:267px\" srcset=\"https:\/\/domovraspenava.cz\/wp-content\/uploads\/2019\/12\/Foto-STD-scaled.jpg 2560w, https:\/\/domovraspenava.cz\/wp-content\/uploads\/2019\/12\/Foto-STD-632x474.jpg 632w, https:\/\/domovraspenava.cz\/wp-content\/uploads\/2019\/12\/Foto-STD-1020x765.jpg 1020w, https:\/\/domovraspenava.cz\/wp-content\/uploads\/2019\/12\/Foto-STD-768x576.jpg 768w, https:\/\/domovraspenava.cz\/wp-content\/uploads\/2019\/12\/Foto-STD-1536x1152.jpg 1536w, https:\/\/domovraspenava.cz\/wp-content\/uploads\/2019\/12\/Foto-STD-2048x1536.jpg 2048w\" sizes=\"(max-width: 2560px) 100vw, 2560px\" \/><\/a><figcaption class=\"wp-element-caption\">soci\u00e1ln\u011b terapeutick\u00e1 d\u00edlna<\/figcaption><\/figure>\n<\/div><\/div>\n\n\n\n<figure class=\"wp-block-image size-large is-resized\"><a href=\"https:\/\/www.google.com\/maps\/@50.9003673,15.1363828,3a,75y,52.98h,82.6t\/data=!3m7!1e1!3m5!1sAF1QipP4hbZcPaX_VaC6X6kWRXDEYsYMKrbUJhmzHCFe!2e10!3e11!7i10000!8i5000\" target=\"_blank\" rel=\"noreferrer noopener\"><img loading=\"lazy\" decoding=\"async\" width=\"2560\" height=\"1912\" src=\"https:\/\/i0.wp.com\/www.domovraspenava.cz\/wp-content\/uploads\/2019\/12\/Foto-kav\u00e1rna-scaled.jpg?fit=1020%2C762&amp;ssl=1\" alt=\"\" class=\"wp-image-5127\" style=\"aspect-ratio:16\/9;object-fit:cover;width:267px;height:auto\" srcset=\"https:\/\/domovraspenava.cz\/wp-content\/uploads\/2019\/12\/Foto-kav\u00e1rna-scaled.jpg 2560w, https:\/\/domovraspenava.cz\/wp-content\/uploads\/2019\/12\/Foto-kav\u00e1rna-632x472.jpg 632w, https:\/\/domovraspenava.cz\/wp-content\/uploads\/2019\/12\/Foto-kav\u00e1rna-1020x762.jpg 1020w, https:\/\/domovraspenava.cz\/wp-content\/uploads\/2019\/12\/Foto-kav\u00e1rna-768x573.jpg 768w, https:\/\/domovraspenava.cz\/wp-content\/uploads\/2019\/12\/Foto-kav\u00e1rna-1536x1147.jpg 1536w, https:\/\/domovraspenava.cz\/wp-content\/uploads\/2019\/12\/Foto-kav\u00e1rna-2048x1529.jpg 2048w\" sizes=\"(max-width: 2560px) 100vw, 2560px\" \/><\/a><figcaption class=\"wp-element-caption\">Kav\u00e1rna Domov<\/figcaption><\/figure>\n<\/div>\n<\/div>\n","protected":false},"excerpt":{"rendered":"<p>Domov pro osoby se zdravotn\u00edm posti\u017een\u00edm, Soci\u00e1ln\u011b terapeutick\u00e1 d\u00edlna a Kav\u00e1rna Domov,<\/p>\n <a class=\"more-link\" href=\"https:\/\/domovraspenava.cz\/?page_id=4868\"><span class=\"more-msg\">Pokra\u010dovat ve \u010dten\u00ed &rarr;<\/span><\/a>","protected":false},"author":2,"featured_media":0,"parent":0,"menu_order":0,"comment_status":"closed","ping_status":"closed","template":"paget-page2col.php","meta":{"_acf_changed":false,"advgb_blocks_editor_width":"","advgb_blocks_columns_visual_guide":"","ngg_post_thumbnail":0,"_vp_format_video_url":"","_vp_image_focal_point":[],"footnotes":""},"class_list":["post-4868","page","type-page","status-publish","hentry"],"acf":[],"coauthors":[],"author_meta":{"author_link":"https:\/\/domovraspenava.cz\/?author=2","display_name":"Kate\u0159ina Zaj\u00ed\u010dkov\u00e1"},"relative_dates":{"created":"Posted 7 roky ago","modified":"Updated 1 rokem ago"},"absolute_dates":{"created":"Posted on 7.10.2019","modified":"Updated on 26.2.2025"},"absolute_dates_time":{"created":"Posted on 7.10.2019 13:08","modified":"Updated on 26.2.2025 12:56"},"featured_img_caption":"","featured_img":false,"series_order":"","wpmagazine_modules_lite_featured_media_urls":{"thumbnail":"","cvmm-medium":"","cvmm-medium-plus":"","cvmm-portrait":"","cvmm-medium-square":"","cvmm-large":"","cvmm-small":"","full":""},"categories_names":null,"comments_number":"0","_links":{"self":[{"href":"https:\/\/domovraspenava.cz\/index.php?rest_route=\/wp\/v2\/pages\/4868","targetHints":{"allow":["GET"]}}],"collection":[{"href":"https:\/\/domovraspenava.cz\/index.php?rest_route=\/wp\/v2\/pages"}],"about":[{"href":"https:\/\/domovraspenava.cz\/index.php?rest_route=\/wp\/v2\/types\/page"}],"author":[{"embeddable":true,"href":"https:\/\/domovraspenava.cz\/index.php?rest_route=\/wp\/v2\/users\/2"}],"replies":[{"embeddable":true,"href":"https:\/\/domovraspenava.cz\/index.php?rest_route=%2Fwp%2Fv2%2Fcomments&post=4868"}],"version-history":[{"count":54,"href":"https:\/\/domovraspenava.cz\/index.php?rest_route=\/wp\/v2\/pages\/4868\/revisions"}],"predecessor-version":[{"id":7998,"href":"https:\/\/domovraspenava.cz\/index.php?rest_route=\/wp\/v2\/pages\/4868\/revisions\/7998"}],"wp:attachment":[{"href":"https:\/\/domovraspenava.cz\/index.php?rest_route=%2Fwp%2Fv2%2Fmedia&parent=4868"}],"curies":[{"name":"wp","href":"https:\/\/api.w.org\/{rel}","templated":true}]}}